 -70*z - 121. Let s(n) = -71*n - 119. Let i(b) = -6*q(b) + 5*s(b). What is the units digit of i(6)?
1
Let a = 302 + -434. Let j = 124 + a. What is the hundreds digit of ((-48)/7)/(j/252)?
2
Let u(t) = 25*t + 155. Let f be u(-6). Suppose 2*h - 4*q - 14 = 0, 14*h = 9*h - f*q + 20. What is the units digit of h?
5
Let b(k) = k**2 - 5*k + 5. Suppose 5*o + 4 = a, -3*o - 5*a - 2 = -6*o. Let p be (0 - o)*(-3 - 2). What is the tens digit of b(p)?
5
Let f(b) = 54 + 23 + 22*b + 33*b + 1. What is the units digit of f(4)?
8
Suppose 0 = -5*h - m + 147892, 1222*m + 29563 = h + 1220*m. What is the hundreds digit of h?
5
Suppose 4*y = 5*j - 4, 0*y = 4*y - 3*j + 12. Let f be y/(-14) + (-8)/(-14). What is the units digit of (171 + -4)*f*1?
7
What is the tens digit of (7 - 178/26) + (-42119)/(-91)?
6
Suppose 216 = -22*x + 26*x. What is the units digit of (-14)/(-5)*(x + 21)?
0
Let k(r) = 14*r**3 - 2*r**2 + 2*r - 19. Let m be k(3). Suppose -5*b = -2*l + m, -4*l + 884 = l + 4*b. What is the hundreds digit of l?
1
Let d(j) = 586*j**3 + 2*j - 293*j**3 - 294*j**3 + 15*j**2 + 52. What is the units digit of d(15)?
2
Let k(r) = 441*r**2 - r - 3. Let g be ((-51)/102)/(2/4). What is the tens digit of k(g)?
3
Let n = 146 + -263. Let y = 157 - 139. What is the tens digit of n/(-6) + (-9)/y?
1
What is the units digit of (-149075)/(-17) + (-2700)/(-459) + -6?
9
Let d = 0 - 26. What is the units digit of (6204/14)/3 + d/(-91)?
8
Let v be (-29304)/(-216) - 1*4/6. Suppose 0 = -2*u + 5*u + 60. Let o = v + u. What is the tens digit of o?
1
Let u = 57 + -58. Let x be u/(-2)*16/8. What is the units digit of x/(-2) + (-543)/(-6)?
0
Let j(r) = 7*r**3 + 9*r**2 + 5*r + 703. Let y(v) = v**3 + 2*v**2 + v. Let g(u) = j(u) - 4*y(u). What is the tens digit of g(0)?
0
Let p(n) = -12*n**2 + 9*n + 24. Let w be p(-6). Let k be w/36 + 1 + 21/(-18). Let h(d) = -d**3 - 13*d**2 - 13*d - 22. What is the tens digit of h(k)?
4
Let m = 18620 + -12009. What is the units digit of m?
1
Let k(b) = -b**2 + 27*b - 59. Let h be k(11). Let n = -68 + h. What is the tens digit of n?
4
Let z(w) = w**2 - 6*w + 12. Let o be z(-8). What is the tens digit of ((-921)/4)/((-93)/o)?
0
Suppose 0 = 5*a - 25, -4*f - 2*a = -3*a - 51. Suppose -16*i + f*i = -2620. Suppose -5*u - 5*u = -i. What is the units digit of u?
1
Suppose 0 = -1316*k + 1311*k - 45, 4*k = -5*h + 104834. What is the hundreds digit of h?
9
Suppose 32*d - 30*d + 2*h - 21868 = 0, 0 = -3*h - 15. What is the tens digit of d?
3
Let s(z) = z**2 - 13*z + 24. Let u = 84 - 73. Let i be s(u). Let c(j) = 33*j**2 - 2*j + 9. What is the units digit of c(i)?
7
Let m = 8316 - 6374. What is the units digit of m?
2
Let w be 4/(-3) + -12*(-35)/45. Suppose -1155 = w*j - 2899. What is the tens digit of j?
1
Let f(r) = -2*r**3 + 1. Let l be f(1). What is the units digit of l - 2*(-2358)/12?
2
Suppose -11*x = -7 - 15. Let w be 5/(-10)*0*1/x. Suppose w = 2*v - 0*v - 290. What is the units digit of v?
5
What is the hundreds digit of (-1410)/(-1) - 4/1?
4
Let s be (-3)/27*-3*(5 - -1). Let j(i) = 767*i + 11. What is the thousands digit of j(s)?
1
Suppose 23*p + 8397 = -4*p. Let s = p - -444. What is the hundreds digit of s?
1
Let h = -820 - -1591. Suppose -5*x + h = 21. Let l = x + -81. What is the units digit of l?
9
Let z(a) = 3*a**2 - 5*a - 7. Let l be z(-3). Let u be (-22)/(-10) + (-7)/l. Suppose 6 = -u*w + 98. What is the units digit of w?
6
Let t(c) = -6*c**2 + 6. Let v be t(-7). Let g = v + 556. What is the tens digit of g*(6/(-16))/((-18)/24)?
3
Suppose 9*s + 44160 = 17*s. What is the thousands digit of s?
5
Suppose -2*a - 2 = 0, 5*m + 4*a - 10733 = 2*a. Suppose -5*h + 1650 + m = 4*p, p + 2 = 0. What is the units digit of h?
1
Let m(z) = -2964*z**3 + z**2 + 16*z + 17. What is the tens digit of m(-1)?
6
Let k(m) = -m - 3. Let y be k(-8). Suppose 0 = -0*a + y*a + 25, 263 = 3*o - 4*a. Suppose 0 = -3*s + 2*f + o, -44 = -4*s + f + 59. What is the tens digit of s?
2
Let r(n) = 4*n**2 + n + 1. Let p be r(-1). Suppose -8*q + 10*q - 5*l - 41 = 0, -15 = 3*l. Suppose 672 = -p*h + q*h. What is the units digit of h?
8
Let t(s) = -55*s**3 - 37*s**2 - 12*s - 144. What is the units digit of t(-9)?
2
Suppose -5*a = -4*b + 7624, -b - 4*a - 1079 = -2964. What is the tens digit of b?
0
Let p = 639 - -7224. What is the thousands digit of p?
7
Let s = 10230 + 1033. What is the hundreds digit of s?
2
Let w(y) = -1128*y + 3480. What is the thousands digit of w(-17)?
2
Let s(u) = -6 + 1 + 16*u - 15*u + 2. Let q be s(8). Suppose 188 = q*w - 3*w. What is the units digit of w?
4
Let o(a) = 1280*a**2 - 612*a + 3094. What is the tens digit of o(5)?
3
Let y = -51 + 55. Suppose -2*o + 4 = y*h - 26, 4*o = -5*h + 33. Suppose -11 = -h*v + 421. What is the units digit of v?
8
Let r(p) = -6*p - 14. Let d(s) = -2*s**2 - 14*s - 2. Let g be d(-6). Let n = g + -14. What is the units digit of r(n)?
0
Let x(q) = 38*q + 2840. What is the hundreds digit of x(55)?
9
Suppose 5*k = -2*y - y + 28449, -5*y - 10 = 0. What is the units digit of k?
1
Let k = -1241 + 1960. What is the tens digit of k?
1
Let r(z) = 8*z**3 + 5*z**2 + 8*z - 6. Let n be r(-4). Let o = n + 1067. What is the units digit of o?
7
Let d(f) = f - 15 + 10*f**2 - 14*f + 2 + f**3. What is the tens digit of d(-6)?
0
What is the tens digit of (-22 + 5778/36)*(1*4 + -2)?
7
Let g(t) = 3*t + 25*t**2 - 7 - 6*t + 16*t**2 + 2. Let y(q) = 122*q**2 - 8*q - 14. Let x(w) = -17*g(w) + 6*y(w). What is the units digit of x(-2)?
5
Let h = 1479 + 24247. What is the tens digit of h?
2
Let u = 338 + -336. What is the units digit of (-1 + u)/(8/1088)?
6
Let x = -34 - -37. Suppose 2*m - 48 = -2*v - 2*m, -x*m = -4*v + 151. Let w = 1 + v. What is the units digit of w?
5
Suppose -a - 54 = -3*a. Let q = 176 + -44. Suppose 24*l = a*l - q. What is the units digit of l?
4
Let r = 1640 + 36902. What is the units digit of r?
2
Suppose 5*x - 499 = -c, 4*c + 5*x = 3*x + 1942. Let r be (1 + 2 + -2)/(3/6). Suppose y + 65 = t + 313, -2*y = r*t - c. What is the units digit of y?
5
Let j be ((-2)/6)/(6/72). Let a be 2*(3 - (9 + j)). What is the units digit of (-2288)/(-32) + 2/a?
1
Let t(c) = 4*c + 28. Let j be t(-6). Suppose a + 2*l - 14 = -0*a, 2*l = j*a - 46. Suppose 0 = -a*h + 9*h + 84. What is the units digit of h?
8
Let y(s) = -37759*s**3 - 3*s**2 + s + 5. What is the units digit of y(-1)?
0
Suppose 4*h = 2*q - 24768, 0 = -494*h + 499*h + 5. What is the units digit of q?
2
Let z(g) = -13*g - 106. Let n be z(-8). Suppose 5*o - 15 = 4*c, 4*o - 4*c - 14 + 2 = 0. What is the tens digit of (-2046)/(-12) - o/n?
7
Suppose -286*d + 281*d - 71456 = -4*z, 0 = 3*z + 3*d - 53619. What is the hundreds digit of z?
8
Suppose 3*d + 5*c = -1902, -5*d + 3*c - 2247 = 957. Let q = -264 - d. What is the units digit of q?
5
Suppose -16*f + 26*f - 74535 = -5*f. What is the thousands digit of f?
4
Let d(r) = -r**3 + 7*r**2 + r - 9. Let g be d(3). Let y(v) = 24*v - 39*v - 8 + g*v - v**2 + 3*v**2. What is the units digit of y(-12)?
0
Suppose 7 = -2*m - h - 0*h, -3*h = -9. Let u be -7 - ((-6)/m)/((-14)/35). What is the tens digit of (-1206)/(-15) - ((-34)/(-10) + u)?
8
Suppose -199*u + 3606 = -198*u. What is the hundreds digit of u?
6
Let q(x) = x**2 + 1. Let g be q(-1). Suppose -964 = -g*n + 976. Suppose 4*l - n + 42 = 0. What is the tens digit of l?
3
Let s be 18532/(-14) - 68/238. What is the thousands digit of (-6)/(-9) - (-2)/(-3) - s?
1
Let r(x) = 1470*x - 36. Let w be r(1). Let s = -380 + w. What is the hundreds digit of s?
0
Let z(p) = p**3 + 30*p**2 + 38*p + 27. Let v(k) = -k**3 + 12*k**2 - 2*k - 4. Let i be v(12). What is the tens digit of z(i)?
3
Suppose 0 = -2*g + 4*n - 46, 2*g + 0*g + 5*n = -1. Let h = -11 - g. Suppose v - 200 = -h*z - v, z = v + 108. What is the hundreds digit of z?
1
Suppose 4*g - l - 1 = -g, 0 = 4*g - 3*l + 8. Let x be (-4 - 10/(-5)) + (-192 - g). What is the tens digit of (-2)/4 - x/10?
1
Suppose -4*r - n = -67, -3*r + 4 = -5*n - 29. Suppose -11*m = -r*m - 205. Let j = 0 - m. What is the tens digit of j?
4
Let z be -2 + (-5)/15*-39. Suppose z*c - 1868 = -5*h + 12*c, 5*h - 4*c - 1862 = 0. What is the tens digit of h?
7
Let x be -2 + 36/21 + (-9128)/(-49). Let a(u) = -206 + 9*u - u + x + 2*u**2. What is the tens digit of a(-10)?
0
Let v(n) = n**2 - 19*n + 2. Let k be v(19). Supp